1 divide 68934960?
True
Is 255077314 a multiple of 5103?
False
Is 106995660 a multiple of 12?
True
Is 47582860 a multiple of 1898?
True
Is 4523320 a multiple of 20?
True
Does 1024 divide 80690385?
False
Does 10 divide 23554396?
False
Is 36513675 a multiple of 75?
True
Is 30 a factor of 8307730260?
True
Is 2 a factor of 1120137?
False
Is 39 a factor of 2246751?
True
Does 460 divide 45157280?
True
Does 29 divide 23504616?
True
Is 622 a factor of 93056798?
True
Is 15 a factor of 53116050?
True
Is 17 a factor of 434411899?
False
Is 480406110 a multiple of 1185?
True
Does 13 divide 298948997?
False
Is 366 a factor of 671885981?
False
Is 174 a factor of 16737946?
False
Does 877 divide 50915112?
True
Is 3 a factor of 18629814?
True
Is 12 a factor of 7487484?
True
Is 11498 a factor of 547260888?
False
Is 1852 a factor of 557403?
False
Is 817 a factor of 114974015?
False
Is 21 a factor of 6883233?
True
Is 30369652 a multiple of 233?
False
Is 132 a factor of 154007964?
True
Is 31 a factor of 715977172?
False
Is 60498145 a multiple of 10?
False
Is 480 a factor of 1273732579?
False
Is 7156 a factor of 2109595956?
True
Is 114 a factor of 7189866?
True
Is 114 a factor of 45195870?
True
Is 4748920 a multiple of 172?
True
Is 62538168 a multiple of 516?
True
Is 583992585 a multiple of 2057?
True
Is 2518583753 a multiple of 10738?
False
Is 54459523 a multiple of 1689?
False
Is 51455420 a multiple of 10?
True
Does 749 divide 72972823?
True
Does 17 divide 18997534?
True
Is 10486458 a multiple of 2235?
False
Does 9 divide 604873258?
False
Does 20 divide 1169892295?
False
Is 110211363 a multiple of 9?
True
Does 427 divide 6995541?
True
Is 193036048 a multiple of 14?
False
Does 34 divide 138250630?
True
Does 6 divide 589216581?
False
Is 322 a factor of 117887938?
False
Is 2 a factor of 10549687?
False
Is 87687297 a multiple of 1047?
True
Is 49534306 a multiple of 72?
False
Does 12 divide 14764708?
False
Is 67944475 a multiple of 19?
True
Is 3 a factor of 5042131?
False
Does 111 divide 603239934?
True
Is 50 a factor of 268772250?
True
Is 1413122619 a multiple of 89?
False
Does 12 divide 59775321?
False
Is 187196831 a multiple of 1112?
False
Does 3666 divide 3254195960?
False
Does 91 divide 25048933?
True
Does 180 divide 60629978?
False
Is 845795762 a multiple of 16?
False
Is 19374628 a multiple of 1612?
True
Is 28 a factor of 593409325?
False
Is 32328486 a multiple of 263?
True
Is 1344350 a multiple of 63?
False
Does 1227 divide 750070784?
False
Does 158 divide 147692712?
True
Is 35244470 a multiple of 45?
False
Does 39 divide 655422963?
True
Does 5571 divide 635426420?
False
Does 9 divide 42606545?
False
Is 58 a factor of 398249641?
False
Is 1032 a factor of 566137656?
True
Is 99605561 a multiple of 11?
True
Does 10 divide 1400602250?
True
Is 8425100 a multiple of 339?
False
Does 381 divide 8820912?
True
Does 1185 divide 276792300?
True
Is 5046 a factor of 894912942?
False
Is 344852978 a multiple of 1957?
False
Does 91 divide 38326106?
True
Is 4276923055 a multiple of 17?
False
Is 80 a factor of 14266080?
True
Does 8 divide 2567760?
True
Is 120 a factor of 416807520?
True
Does 5 divide 16399050?
True
Is 139 a factor of 51918943?
False
Is 1640817693 a multiple of 43?
True
Does 194 divide 11652416?
True
Does 161 divide 150244111?
False
Is 67352836 a multiple of 50?
False
Is 7 a factor of 264472051?
False
Does 356 divide 3202661280?
False
Does 1369 divide 44140667?
True
Is 1619257446 a multiple of 51?
True
Is 473609584 a multiple of 28?
True
Is 219 a factor of 602264898?
False
Is 655551351 a multiple of 21?
True
Is 8668485 a multiple of 45?
True
Does 356 divide 3325660864?
True
Does 43 divide 20933920?
False
Is 12038751 a multiple of 888?
False
Is 285 a factor of 2746218?
False
Is 26406975 a multiple of 175?
True
Does 41 divide 92486453?
False
Is 273268134 a multiple of 27?
True
Does 3385 divide 335501758?
False
Does 60 divide 29253300?
True
Does 1468 divide 1521611360?
True
Does 96 divide 41152512?
True
Is 204253098 a multiple of 1554?
True
Does 24 divide 13186234?
False
Is 119 a factor of 227299758?
True
Is 28 a factor of 46982236?
True
Is 43876424 a multiple of 67?
True
Is 1033310190 a multiple of 69?
True
Is 56 a factor of 51569392?
True
Does 4560 divide 459780240?
True
Is 1540 a factor of 2898493985?
False
Is 59 a factor of 27468925?
True
Is 652 a factor of 8284312?
True
Is 6578334 a multiple of 24?
False
Is 9 a factor of 558684684?
True
Does 2 divide 812186202?
True
Is 1429643007 a multiple of 639?
True
Is 72692204 a multiple of 17?
True
Is 2164 a factor of 918193856?
True
Is 19 a factor of 135237345?
True
Does 288 divide 943916185?
False
Does 3804 divide 46100939?
False
Is 1053471343 a multiple of 41?
True
Does 11 divide 19300149?
True
Is 5014383058 a multiple of 3806?
False
Is 3398701 a multiple of 214?
False
Is 2325987090 a multiple of 6195?
True
Does 26 divide 1588562294?
False
Is 279186787 a multiple of 541?
False
Is 105550222 a multiple of 12?
False
Is 89 a factor of 2296111?
True
Is 164895931 a multiple of 474?
False
Is 10 a factor of 6579178?
False
Is 648221036 a multiple of 989?
False
Is 37708880 a multiple of 22?
True
Does 1156 divide 4055842?
False
Is 71475030 a multiple of 4554?
True
Is 3313031740 a multiple of 197?
True
Is 1685 a factor of 291125892?
False
Does 714 divide 124702638?
False
Does 640 divide 434040960?
True
Is 6 a factor of 4295376?
True
Is 83 a factor of 454025521?
True
Does 808 divide 148532538?
False
Is 295 a factor of 3796388040?
True
Does 317 divide 5520872?
True
Is 3946203958 a multiple of 83?
True
Does 1271 divide 1300233?
True
Does 123 divide 2267238951?
True
Does 437 divide 335406254?
False
Does 157 divide 119507930?
False
Is 25782864 a multiple of 8?
True
Is 822883434 a multiple of 1041?
True
Is 31 a factor of 248253290?
False
Is 144 a factor of 196368732?
False
Is 810370502 a multiple of 9?
False
Is 522335870 a multiple of 5093?
False
Is 14764509 a multiple of 87?
True
Is 171 a factor of 36336645?
True
Is 104663194 a multiple of 3282?
False
Is 1968697020 a multiple of 5260?
True
Does 267 divide 6165030?
True
Is 186732054 a multiple of 9?
True
Is 8 a factor of 811426256?
True
Does 5255 divide 277096557?
False
Is 9 a factor of 1286023536?
True
Is 171589040 a multiple of 131?
True
Does 15 divide 101290125?
True
Is 3474393700 a multiple of 17?
True
Does 4992 divide 305844864?
True
Is 14 a factor of 43649833?
False
Does 38 divide 759214426?
True
Does 154 divide 104370420?
True
Is 11515074 a multiple of 345?
False
Does 780 divide 39942240?
True
Is 1290769644 a multiple of 818?
True
Is 143972990 a multiple of 217?
True
Does 2 divide 42689241?
False
Is 3342 a factor of 276179538?
True
Is 3775860757 a multiple of 9339?
False
Is 3 a factor of 19340040?
True
Is 2073192231 a multiple of 463?
True
Does 98 divide 739836?
False
Does 4 divide 2900748?
True
Is 1408157268 a multiple of 3786?
True
Is 428 a factor of 39077684?
True
Does 25 divide 213656800?
True
Is 41668938 a multiple of 34?
True
Is 11 a factor of 4004522?
False
Is 1739825549 a multiple of 11?
True
Does 38 divide 1401591692?
False
Is 3322587240 a multiple of 84?
True
Is 1842 a factor of 553558643?
False
Is 437 a factor of 21843153?
False
Is 19 a factor of 122696278?
False
Is 6950 a factor of 1809272936?
False
Is 122 a factor of 56434347?
False
Is 44 a factor of 3021298?
False
Is 55619922 a multiple of 517?
False
Does 838 divide 91652130?
False
Is 6168378480 a multiple of 12076?
False
Is 133950074 a multiple of 16?
False
Is 40 a factor of 32832551?
False
Is 3481 a factor of 1384691413?
False
Is 3 a factor of 60733887?
True
Does 19 divide 479699783?
True
Does 6 divide 23589938?
False
Does 8 divide 35584?
True
Is 476966463 a multiple of 538?
False
Is 69429519 a multiple of 103?
True
Does 77 divide 113966052?
False
Is 1246 a factor of 1930351098?
False
Is 63945490 a multiple of 343?
True
Is 41628440 a multiple of 245?
True
Is 191 a factor of 618423620?
True
Is 366024365 a multiple of 595?
True
Is 17 a factor of 24317429?
True
Is 3728966350 a multiple of 6?
False
Does 1259 divide 4004565257?
False
Is 5728 a factor of 394355616?
True
Is 1686 a factor of 86301885?
False
Is 13140864 a multiple of 544?
True
Does 9 divide 37652018?
False
Is 254 a factor of 1498386132?
True
Does 446 di